ltiple of 41?
True
Suppose -52*v + 53*v = 5*f + 1553, 6168 = 4*v + 2*f. Is v a multiple of 31?
False
Let y(f) = -f**3 - 12*f**2 + 12*f - 13. Let q be y(-13). Suppose 5*k = -q*k. Suppose -l + 4*r = -98, -5*r = -k*l - 2*l + 187. Does 12 divide l?
False
Let i(j) = 2*j**2 + 33*j - 61. Is 46 a factor of i(-27)?
True
Let g(l) = l**2 + 19*l + 8. Let x be g(-8). Let c(h) = -14*h - 5. Let w be c(9). Let b = x - w. Is b a multiple of 20?
False
Suppose p - 5*p = 2120. Let t = p + 770. Suppose l - t = -3*l. Is 15 a factor of l?
True
Let d(m) be the first derivative of -m**3/3 - 6*m**2 - 6*m + 8. Is 9 a factor of d(-6)?
False
Let n be (-4 - -4) + 4 + -4 - 121. Let p = n + 265. Does 8 divide p?
True
Suppose 139 = d - 2*h, -302 = 4*d + 2*h - 898. Is d a multiple of 3?
True
Let k = 274 - 26. Is k a multiple of 56?
False
Suppose 0 = 5*x - 0*x + 3*d - 2006, 0 = 2*d - 4. Does 71 divide x?
False
Does 5 divide 26*(1 - (3 - (2 - -3)))?
False
Let j(x) = x**3 + x**2 - 4*x + 4. Let k be j(3). Let p = -2 + 5. Suppose -5*w + 5*o = -180, 3*o = p*w - 2*w - k. Is 10 a factor of w?
True
Does 4 divide (-3)/18 + 1 + 31870/60?
True
Let m = -5 - -12. Suppose 0 = -m*k + 11*k. Suppose -l + 58 + 2 = k. Is l a multiple of 12?
True
Suppose -4*p + 9828 = 3*p. Is 78 a factor of p?
True
Let p(w) = w**2 - w + 8. Is 30 a factor of p(-41)?
False
Suppose -395 = -5*n + 2*n - 2*m, -2*n - m = -265. Is 15 a factor of n?
True
Let o(y) = 13*y + 78. Is 26 a factor of o(22)?
True
Let d = 1 + -1. Let t(a) = -a**3 + 5*a**2 - a + 96. Let x be t(0). Suppose d = -2*f - f + x. Is f a multiple of 10?
False
Suppose -25*d + 26*d - 105 = 0. Is 5 a factor of d?
True
Suppose 37*j = 4*j + 2112. Is 16 a factor of j?
True
Suppose -5*r = 2*h + 28 - 1308, r + 2*h - 256 = 0. Is r a multiple of 32?
True
Suppose 360 = 7*w - 4*w. Suppose 2*o - o = w. Suppose 21*h = 26*h - o. Does 8 divide h?
True
Suppose 4*y - 2*y + 6594 = 3*n, 0 = -5*n + 2*y + 10994. Is 11 a factor of n?
True
Suppose 0*o + 4*o = -2*h + 98, 0 = -5*o + h + 119. Let s = -20 + o. Suppose -2*m + s*m = 48. Is m a multiple of 8?
True
Suppose 6*g + 8 = 5*g. Is 23 a factor of (g/(-6))/(2/132)?
False
Suppose 0*j = 2*j - 2. Let h(x) = -36*x - 109. Let i be h(-3). Does 36 divide i + 138 - (j - 1)?
False
Suppose 11*j = 6*j + 3460. Is j a multiple of 13?
False
Let k = 873 + -105. Does 13 divide k?
False
Let u(h) = 32*h - 65. Is u(3) a multiple of 24?
False
Is 7 a factor of (6 - -1)/(38/1102)?
True
Suppose -15*r + 947 - 17 = 0. Does 7 divide r?
False
Let j be 1/(-3)*(-12)/1. Suppose 0*g = -j*g. Suppose 5*d - 2*h - 333 = 2*h, g = -2*d - 5*h + 153. Does 18 divide d?
False
Let g(m) = -3*m + 4 - 5*m**2 - 2 - 5 - m**3 - 4. Let f be g(-5). Suppose -y + 25 = -f. Is y a multiple of 8?
False
Let k = 185 - 77. Suppose -j + 14 = -k. Does 42 divide j?
False
Suppose -1007 - 253 = -7*y. Let w(o) = 63*o + 2. Let q be w(-2). Let d = y + q. Is 14 a factor of d?
True
Let p(l) = l**3 - 5*l**2 - 6*l + 12. Let m be p(8). Suppose d - 23 = -5*o, -3*o - 3*d = 2*o - 29. Suppose -m = -o*x + 100. Does 8 divide x?
True
Let u = 25 + -37. Let y be u + 3 + (3 - -1). Does 13 divide (13*30/y)/(-2)?
True
Let a = 3 - 21. Let i be 238/a + (-26)/(-117). Is (i - -16)/(3/62) a multiple of 9?
False
Let r(m) = m**3 - 5*m**2 - 4*m - 8. Let g be r(6). Suppose -25 = -g*i - 229. Is 9 a factor of 2*(-4)/(12/i)?
False
Let g = -88 + 26. Let j = 8 - g. Is j a multiple of 10?
True
Does 5 divide (15/(-4))/((-2)/((-1104)/(-9)))?
True
Suppose -34551 = -47*g + 9582. Is g a multiple of 16?
False
Is 30 a factor of (-261)/(-51) + -5 - 229488/(-102)?
True
Suppose 2*x + 28 = 9*x. Suppose 6*u + 55 = h + 3*u, x*h + 4*u - 300 = 0. Is 10 a factor of h?
True
Suppose -2*t + 2*q + 343 + 551 = 0, -t + 417 = 5*q. Suppose -5*b + 48 = -t. Is b a multiple of 17?
False
Let p = -1646 - -3245. Is 21 a factor of p?
False
Let n(a) = -a**2 - 3*a + 4. Let h be n(-4). Suppose -4*y + 3*u - 49 = 0, 5*y + 48 = -3*u + 7. Let s = h - y. Is 4 a factor of s?
False
Let b(n) = n**3 - 5*n**2 - 5*n - 2. Let t be b(6). Suppose -t*c = 16 + 20. Let m(p) = -p + 15. Is 8 a factor of m(c)?
True
Suppose -3*h = -4*y - 11, 3*y = -2*h - 4 + 17. Suppose 4*c + d + d + 922 = 0, 491 = -2*c + h*d. Let a = -137 - c. Is a a multiple of 24?
True
Let w be (-6 + 83)*(-2 + 1). Let p = 75 - 121. Let c = p - w. Does 5 divide c?
False
Let m(g) = 5*g**2 + 11*g - 16. Let s(y) = y**2 + 2*y - 3. Let b(k) = 2*m(k) - 11*s(k). Let j be b(4). Does 19 divide (-580)/j - 2/3?
True
Suppose 17*c = -4380 + 25460. Is 62 a factor of c?
True
Suppose 275 = -4*u - 177. Let y = u + 257. Does 24 divide y?
True
Let b = 46 - 43. Let c(u) = 3*u + 5. Let t be c(-7). Is (-6 - (0 - b))*t a multiple of 16?
True
Let k be (4/(-5))/(6/(-15)). Let z be (-3)/k + (-74)/4. Let v = z + 48. Does 14 divide v?
True
Suppose 0 = v - 3, -5*c + 2*c - 5*v = -834. Does 7 divide c?
True
Suppose -2*v + 812 = -68. Is 8 a factor of v?
True
Let g(t) be the first derivative of t**4/2 - 2*t**3 + 2*t**2 - 6*t + 19. Is g(4) a multiple of 9?
False
Let u be 9/(-2) + (-18)/36. Let n be u - 3 - (-4 - 0). Let r(g) = -3*g - 2. Is 5 a factor of r(n)?
True
Let z(i) = 4*i - 6. Let j be z(-7). Let o be (-6)/12 + j/(-4). Suppose o - 52 = -4*k. Is 4 a factor of k?
False
Let q(v) = 17*v + 251. Is q(5) a multiple of 4?
True
Let b = -539 + 596. Does 57 divide b?
True
Suppose -t = -0*t - 20. Let q be (-1 - 2)*t/(-15). Suppose -37 - 11 = -q*v. Does 6 divide v?
True
Let m be -1*(-20)/(7 + -3). Let y be (-4573)/m + (-2)/5. Is y/10*(-4)/6 a multiple of 22?
False
Let a(x) be the first derivative of x**4/4 + 8*x**3/3 + 4*x**2 + 14*x + 13. Does 2 divide a(-7)?
False
Let x be (-4)/10 - 252/(-30). Is 30 a factor of 263*(-4)/(-5) + x/(-20)?
True
Let z(x) = x + 4. Let d be z(-7). Let i be d/(-6)*-2 + 134. Suppose -3*p - k + 27 = -i, 3*k - 156 = -3*p. Does 18 divide p?
True
Suppose 5904 = 27*w - 15*w. Is w a multiple of 12?
True
Let u = -245 - -693. Does 10 divide u?
False
Let h(y) = -3*y + y + 1 + 7*y**2 + 2*y**2. Let a(v) = -v**2 - 2*v + 18. Let g be a(3). Is h(g) a multiple of 22?
False
Let m = -536 + 918. Let t = m - 158. Is 28 a factor of t?
True
Let d = 35 + -38. Is (9/15)/(d/(-165)) a multiple of 11?
True
Suppose 14*k - 13*k = 0. Suppose k = -0*n - 5*n + 25. Suppose 0 = -4*p + 5*a + 226 - 66, -n*p - 5*a = -245. Does 6 divide p?
False
Let z = -335 + 1143. Does 50 divide z?
False
Suppose -9*m - 4*m = -5941. Is m a multiple of 28?
False
Let h(r) = -60*r - 28. Is 16 a factor of h(-5)?
True
Let t(y) = 9*y**2 - y + 1. Let z = -11 + 20. Suppose 0 = -3*q + s - z, -2*q - 2*s = -3*q - 8. Is 11 a factor of t(q)?
False
Let o = 0 - -15. Is 15 a factor of o?
True
Let r be 0 + (3 - 1)*2. Let o be 0/(r*(-3)/(-6)). Suppose o*p - 4*p = -200. Does 22 divide p?
False
Suppose 2*i = -3*j + 25, 5*i - 55 = -5*j + 20. Let h(t) = t - 14. Let f be h(8). Let g = i - f. Is 13 a factor of g?
True
Suppose 4*t = -20, 5*l - 10*l - 2*t + 740 = 0. Is l a multiple of 6?
True
Let d = 104 - -25. Let f = d - 77. Does 28 divide f?
False
Let y be (-22)/(-6) + (-1)/(-3). Suppose -120 = -9*x + y*x. Is x a multiple of 6?
True
Let y(m) be the first derivative of m**4/24 + 5*m**3/3 + 3*m**2 - 2. Let v(a) be the second derivative of y(a). Does 10 divide v(20)?
True
Let a(t) = -t. Let x(d) = -20*d - 10. Let v(j) = -10*a(j) + x(j). Does 20 divide v(-13)?
True
Let q(k) = -62*k - 108. Is q(-9) a multiple of 30?
True
Let o = 156 + -118. Suppose o*j - 42*j = -172. Is 9 a factor of j?
False
Suppose 2*w = 4*c + 250, w + 3*c + 372 = 4*w. Let f = 33 + w. Suppose q = -3*q + f. Does 13 divide q?
True
Suppose 3*f + 15 = 0, 0 = -3*y - 4*f + 8*f + 35. Suppose y*x + 247 = 1012. Does 28 divide x?
False
Suppose -4*t = -0*t - 8. Suppose 5*b = -4*p + t*b + 189, 0 = 5*b + 25. Suppose -5*f + 9 = -p. Does 6 divide f?
True
Let r be 4/6 + 8/(-12). Let y(o) = o - 9. Let p be y(13). Suppose r = 2*u + p*b - 20, 7*u = 3*u - 4*b + 56. Does 7 divide u?
False
Suppose -4*h + 218 = 2*x, 4*h + x = -3*x + 208. Suppose 0 = b - 5*t - h, 5*t - 27 = -b - 0*t. Is 21 a factor of b?
True
Suppose 0 = 4*u - 3174 + 730. Is 13 a factor of u?
True
Let s be (-4 + (-11)/(-3))/((-2)/222). Suppose 0 = -d - r - 0*r + 9, -3*r + s = 5*d. Does 3 divide d?
False
Suppose 230 = -17*l + 978. Is 4 a factor of l?
True
Suppose 0 = -2*m + r - 2*r + 6, 4*